{"id":2374,"date":"2024-02-28T09:05:43","date_gmt":"2024-02-28T08:05:43","guid":{"rendered":"https:\/\/sintraportbcn.indianwebs.es\/?post_type=evento&#038;p=2374"},"modified":"2024-03-05T09:09:04","modified_gmt":"2024-03-05T08:09:04","slug":"actualitzacio-de-les-dades-de-lobservatori-de-la-logistica-organitzat-per-cimalsa","status":"publish","type":"evento","link":"https:\/\/sintraportbcn.com\/ca\/agenda\/actualitzacio-de-les-dades-de-lobservatori-de-la-logistica-organitzat-per-cimalsa\/","title":{"rendered":"Actualitzaci\u00f3 de les dades de l&#8217;Observatori de la Logistica organitzat per Cimalsa"},"content":{"rendered":"<p>Assistim a l&#8217;acte de presentaci\u00f3 de l&#8217;actualitzaci\u00f3 de les dades de l&#8217;Observatori de la Logistica organitzat per Cimalsa el passat 28 de Febrer.<\/p>\n<p>L\u201fobservatori \u00e9s un conjunt d&#8217;indicadors de competitivitat que tenen l\u201fobjectiu de con\u00e8ixer les demandes log\u00edstiques de les empreses i donar informaci\u00f3 amb par\u00e0metres realies i objectius sobre la situaci\u00f3 actual i futura del sector. Busca ser una eina eficient per a la planificaci\u00f3 i la gesti\u00f3 del sistema log\u00edstic de Catalunya.<\/p>\n<p>L&#8217;acte l&#8217;ha presentat el president de Cimalsa el Sr. Isaac Albert i ha comptat amb la pres\u00e8ncia de l&#8217;actual consellera de Territori del Govern de la Generalitat de Catalunya Ester Capella.<\/p>\n<p>L&#8217;acc\u00e9s a les dades es pot trobar a l&#8217;enlla\u00e7 seg\u00fcent: https:\/\/omc.cat\/es\/w\/observatorio-de-la-log\u00edstica<\/p>\n","protected":false},"featured_media":2373,"template":"","class_list":["post-2374","evento","type-evento","status-publish","has-post-thumbnail","hentry"],"acf":[],"_links":{"self":[{"href":"https:\/\/sintraportbcn.com\/ca\/wp-json\/wp\/v2\/evento\/2374","targetHints":{"allow":["GET"]}}],"collection":[{"href":"https:\/\/sintraportbcn.com\/ca\/wp-json\/wp\/v2\/evento"}],"about":[{"href":"https:\/\/sintraportbcn.com\/ca\/wp-json\/wp\/v2\/types\/evento"}],"wp:featuredmedia":[{"embeddable":true,"href":"https:\/\/sintraportbcn.com\/ca\/wp-json\/wp\/v2\/media\/2373"}],"wp:attachment":[{"href":"https:\/\/sintraportbcn.com\/ca\/wp-json\/wp\/v2\/media?parent=2374"}],"curies":[{"name":"wp","href":"https:\/\/api.w.org\/{rel}","templated":true}]}}

Actualització de les dades de l&#8217;Observatori de la Logistica organitzat per Cimalsa

<p>Assistim a l&#8217;acte de presentació de l&#8217;actualització de les dades de l&#8217;Observatori de la Logistica organitzat per Cimalsa el passat 28 de Febrer.</p>
<p>L‟observatori és un conjunt d&#8217;indicadors de competitivitat que tenen l‟objectiu de conèixer les demandes logístiques de les empreses i donar informació amb paràmetres realies i objectius sobre la situació actual i futura del sector. Busca ser una eina eficient per a la planificació i la gestió del sistema logístic de Catalunya.</p>
<p>L&#8217;acte l&#8217;ha presentat el president de Cimalsa el Sr. Isaac Albert i ha comptat amb la presència de l&#8217;actual consellera de Territori del Govern de la Generalitat de Catalunya Ester Capella.</p>
<p>L&#8217;accés a les dades es pot trobar a l&#8217;enllaç següent: https://omc.cat/es/w/observatorio-de-la-logística</p>
