{"id":2461,"date":"2025-03-20T11:02:09","date_gmt":"2025-03-20T10:02:09","guid":{"rendered":"https:\/\/sintraportbcn.com\/?post_type=evento&#038;p=2461"},"modified":"2025-03-20T11:02:09","modified_gmt":"2025-03-20T10:02:09","slug":"sintraport-participa-en-la-reunio-de-fetransa-amb-el-portaveu-de-transports-del-psoe","status":"publish","type":"evento","link":"https:\/\/sintraportbcn.com\/ca\/agenda\/sintraport-participa-en-la-reunio-de-fetransa-amb-el-portaveu-de-transports-del-psoe\/","title":{"rendered":"Sintraport participa en la reuni\u00f3 de Fetransa amb el portaveu de transports del Psoe"},"content":{"rendered":"<p>La Federaci\u00f3 Nacional de Transport Discrecional de Mercaderies (Fetransa)\u00a0i la Federaci\u00f3 Nacional d&#8217;Associacions de Transportistes Portuaris (Fenatport)\u00a0en les quals\u00a0Sintraport\u00a0est\u00e0 integrada, va mantenir el passat dia 18 de Mar\u00e7 una reuni\u00f3 en el Congr\u00e9s dels Diputats amb el portaveu de transport del Grup Socialista, C\u00e9sar Ramos, i el diputat per la prov\u00edncia de Cadis, Juan Carlos Ruiz Boix. La trobada es va centrar en la fiscalitat dels aut\u00f2noms del sector del transport, assumpte de vital import\u00e0ncia per al sector i que est\u00e0 generant gran incertesa entre els transportistes de menor dimensi\u00f3.<br \/>\nDurant la reuni\u00f3,\u00a0Fetransa\u00a0i\u00a0Fenatport\u00a0van exposar les preocupacions dels aut\u00f2noms del transport respecte a la situaci\u00f3 actual, despr\u00e9s de la no convalidaci\u00f3 del Reial decret\u00a0Omnibus\u00a0i van reiterar la necessitat que es materialitzi una pr\u00f2rroga per al l\u00edmit de facturaci\u00f3 que permeti als professionals del sector continuar tributant sota aquest sistema.<br \/>\nFetransa\u00a0i\u00a0Fenatport\u00a0continuen aix\u00ed la seva ronda de contactes amb els grups pol\u00edtics per a aconseguir un consens que garanteixi l&#8217;aprovaci\u00f3 d&#8217;un nou Reial decret, assegurant aix\u00ed l&#8217;estabilitat del sector i el manteniment de milers de llocs de treball. Totes dues federacions confien que les institucions escoltin les demandes del sector i actu\u00efn en conseq\u00fc\u00e8ncia abans que sigui massa tarda.<br \/>\nEls representants de Sintraport, que han participat en totes aquestes reunions, veuen incomprensible el retard en l&#8217;aprovaci\u00f3 d&#8217;aquesta mesura, ja que no hi ha hagut cap grup parlamentari que mostr\u00e9s una opini\u00f3 en contra.<\/p>\n<p>Si en els pr\u00f2xims dies no s&#8217;observen canvis significatius, juntament amb la resta d&#8217;associacions territorials que integren\u00a0Fetransa\u00a0i\u00a0Fenatport, s&#8217;anunciar\u00e0 un calendari d&#8217;aturs per a defensar els interessos del nostre col\u00b7lectiu.<\/p>\n<div data-mark=\"Publicidad\"><\/div>\n<div data-mark=\"Publicidad\"><\/div>\n","protected":false},"featured_media":2460,"template":"","class_list":["post-2461","evento","type-evento","status-publish","has-post-thumbnail","hentry"],"acf":[],"_links":{"self":[{"href":"https:\/\/sintraportbcn.com\/ca\/wp-json\/wp\/v2\/evento\/2461","targetHints":{"allow":["GET"]}}],"collection":[{"href":"https:\/\/sintraportbcn.com\/ca\/wp-json\/wp\/v2\/evento"}],"about":[{"href":"https:\/\/sintraportbcn.com\/ca\/wp-json\/wp\/v2\/types\/evento"}],"wp:featuredmedia":[{"embeddable":true,"href":"https:\/\/sintraportbcn.com\/ca\/wp-json\/wp\/v2\/media\/2460"}],"wp:attachment":[{"href":"https:\/\/sintraportbcn.com\/ca\/wp-json\/wp\/v2\/media?parent=2461"}],"curies":[{"name":"wp","href":"https:\/\/api.w.org\/{rel}","templated":true}]}}

Sintraport participa en la reunió de Fetransa amb el portaveu de transports del Psoe

<p>La Federació Nacional de Transport Discrecional de Mercaderies (Fetransa) i la Federació Nacional d&#8217;Associacions de Transportistes Portuaris (Fenatport) en les quals Sintraport està integrada, va mantenir el passat dia 18 de Març una reunió en el Congrés dels Diputats amb el portaveu de transport del Grup Socialista, César Ramos, i el diputat per la província de Cadis, Juan Carlos Ruiz Boix. La trobada es va centrar en la fiscalitat dels autònoms del sector del transport, assumpte de vital importància per al sector i que està generant gran incertesa entre els transportistes de menor dimensió.<br />
Durant la reunió, Fetransa i Fenatport van exposar les preocupacions dels autònoms del transport respecte a la situació actual, després de la no convalidació del Reial decret Omnibus i van reiterar la necessitat que es materialitzi una pròrroga per al límit de facturació que permeti als professionals del sector continuar tributant sota aquest sistema.<br />
Fetransa i Fenatport continuen així la seva ronda de contactes amb els grups polítics per a aconseguir un consens que garanteixi l&#8217;aprovació d&#8217;un nou Reial decret, assegurant així l&#8217;estabilitat del sector i el manteniment de milers de llocs de treball. Totes dues federacions confien que les institucions escoltin les demandes del sector i actuïn en conseqüència abans que sigui massa tarda.<br />
Els representants de Sintraport, que han participat en totes aquestes reunions, veuen incomprensible el retard en l&#8217;aprovació d&#8217;aquesta mesura, ja que no hi ha hagut cap grup parlamentari que mostrés una opinió en contra.</p>
<p>Si en els pròxims dies no s&#8217;observen canvis significatius, juntament amb la resta d&#8217;associacions territorials que integren Fetransa i Fenatport, s&#8217;anunciarà un calendari d&#8217;aturs per a defensar els interessos del nostre col·lectiu.</p>
<div data-mark="Publicidad"></div>
<div data-mark="Publicidad"></div>
